?
2
Suppose -20 = 21*d - 26*d. Suppose -2*r = 3*s - 0*s - 49, d*s = -5*r + 70. What is the tens digit of s?
1
Suppose 14*w - 11*w - 980 = 2*f, 3*f + 655 = 2*w. What is the units digit of w?
6
Let f = 30 + -22. Let g(y) = 4 + y + 1 - 3. What is the units digit of g(f)?
0
Let v(i) = -i**3 - 5*i**2 - 9*i - 6. Suppose -6*n = 26 + 10. What is the units digit of v(n)?
4
Let v(g) = 4*g**3 - 4*g**2 - 3*g. What is the tens digit of v(5)?
8
Suppose 0 = -y + 3*a, 5*y + 3*a - 4*a = 42. Suppose -41 = 5*o + y. Let v(k) = -k**2 - 11*k. What is the units digit of v(o)?
0
Let q = -58 + 209. Suppose 5*u = -2*v + 647, -108 = -2*u - v + q. What is the hundreds digit of u?
1
Let i(c) = 2*c**2 + c + 83. What is the tens digit of i(20)?
0
Suppose 4*d + 474 = 3*b, -6*d = -2*d. Suppose -355 = -5*o + 3*f, 2*o - 4*f = -6*f + b. What is the units digit of o?
4
Suppose h = -5*v + 36, 4*v - 66 = -5*h + 51. Suppose -2*d - 8 = 2*d + 5*y, 3*y + h = 3*d. Suppose 0 = d*a - 4 - 2. What is the units digit of a?
2
Let p = 393 - -1178. What is the thousands digit of p?
1
Let t be (3 - (0 + 2))*2. Suppose -3*y = 5*b + t, 11 = -4*y - 5. What is the units digit of b?
2
Suppose -5*d - 3 = f - 0, -2*f = 4*d. Let p be (0/(-5))/(2/f). What is the units digit of 2 + p + (5 - 2)?
5
Suppose 3*h = -3*g + 417, -h - g = 2*h - 407. Let t = h + -56. What is the tens digit of t?
7
Let h = 38 + -34. What is the units digit of (78/9)/(h/66)?
3
Suppose 8*c - 29*c + 7917 = 0. What is the hundreds digit of c?
3
Let i = 165 + -275. Let c = -86 - i. What is the tens digit of c?
2
Let k = 1006 - 687. What is the hundreds digit of k?
3
Let f(v) be the first derivative of 5*v**3/3 - 11*v**2/2 + 8*v + 6. Let q be f(7). Suppose -5*c + q = -c. What is the units digit of c?
4
Suppose 0 = -2*i + 5*i + 21. Let f be 2/i + (-326)/(-14). Let n = -16 + f. What is the units digit of n?
7
Let g(s) = -7*s**2 + 55*s - 106. Let v(n) = 11*n**2 - 83*n + 159. Let c(f) = 8*g(f) + 5*v(f). What is the hundreds digit of c(12)?
1
What is the thousands digit of (3/1)/((-6)/(-106680)*30)?
1
Let q be 2*7/(-2)*3. Let i be (-40)/7*q/6. Suppose 4*h - 4*r = i, 0 = -h - 5*r - 6 - 1. What is the units digit of h?
3
Let u be -1*(1 - 6) - (2 + 1). What is the units digit of (-4)/u*(-1)/2?
1
Suppose 4*m = 2*k - 458, 17*k - 18*k - 2*m + 213 = 0. What is the units digit of k?
1
Suppose 3*v = -3*d - 279, 367 = 3*v - 7*v + d. Let t = v + 166. What is the units digit of t?
4
Let c = -11 + 15. Suppose 0 = c*i - 600 - 628. Suppose -i = -5*b - 57. What is the tens digit of b?
5
Suppose -40*f = -24*f - 1056. What is the tens digit of f?
6
Let c(d) = -d + 1. Let m be c(-5). Let k(g) = g**3 - 14*g**2 + 2. Let x be k(14). Suppose 0 = x*h - 3*h + m. What is the units digit of h?
6
Let f(m) = -31*m. Let q be f(-1). Let u = 51 - q. Suppose s - 4*s + 4*y + 163 = 0, u = -5*y. What is the tens digit of s?
4
Suppose 3*b + t = 8*b - 17, -b - 2 = -2*t. What is the units digit of b/(-16)*-2*18?
9
Let l(f) = -f**2 + 8*f - 11. Let k be l(7). What is the units digit of k/(-5 - -1) - (-28 - 1)?
0
Suppose 2*y - 2 - 18 = 0. Let m = -5 + y. Suppose 2*w - 11 = -3*q + 58, m*w = 5*q + 160. What is the units digit of w?
3
Suppose -3*q - 39 - 9 = 0. Let k = 17 + q. What is the tens digit of (-100)/12*k*-3?
2
Suppose 0 = -2*r + v + 80, -2*r + 54 = -5*v - 26. Let f = 17 + r. What is the units digit of f?
7
Let d = 8 + -7. Let s be d + (170/1 - 3). Suppose -4*b + s = -x, 5*b - 3*x = 2*x + 195. What is the units digit of b?
3
Suppose -32*y - 1494 = -34*y. Suppose 2*l + 257 - y = -2*p, -3*p + 4*l = -735. What is the hundreds digit of p?
2
Let t(h) = 21*h + 60. Let f(x) = 7*x + 21. Let v(s) = -7*f(s) + 2*t(s). Let r = -12 - 0. What is the tens digit of v(r)?
5
Suppose -5*l + 29 + 46 = 5*q, -38 = -2*q - 4*l. Let b(w) = -q*w + 4 + 3*w**2 - 1 + 5*w**2 + 7 + w**3. What is the tens digit of b(-9)?
2
Let q be (-2)/3*((-2)/4 - -2). What is the tens digit of q/(((-8)/(-60) + 0)/(-12))?
9
Suppose p + 2*p - 15 = 0. Let b be (0 - p/(-2))*-2. Let y = b - -33. What is the units digit of y?
8
Let w = -217 - -308. What is the units digit of w?
1
Suppose -5*n + i = -489, 6 = 2*n - i - 192. What is the units digit of n?
7
Suppose 9*o - 12*o = 6. Let k(w) = -w**3 - w**2 - w - 1. Let y be k(o). Let j = 16 - y. What is the units digit of j?
1
Let a be (4280/60)/((-2)/(-3)). Suppose 3*o + 9 = 0, 4*h = -2*o + a + 379. What is the tens digit of h?
2
Suppose 0 = 2*z - x + 22, z + 3*z = -5*x - 44. Let j(k) = -k**3 - 9*k**2 + 15*k + 3. What is the tens digit of j(z)?
8
What is the hundreds digit of -4 - (-4 + -902 + 2 + 0)?
9
Suppose 0 = 183*f - 186*f + 822. What is the tens digit of f?
7
Let o(s) = -4*s**3 + 2*s**3 + 5*s**3 - 2*s**3 + 7*s + 6 + 9*s**2. Let l(k) = -k**3 - 7*k**2 - 4*k + 4. Let r be l(-6). What is the units digit of o(r)?
4
Suppose 0 = -p + 100 + 137. What is the tens digit of p?
3
Let d = -4729 + 8076. What is the hundreds digit of d?
3
Suppose 5*g = 2*g - 93. Let s = 24 - g. What is the tens digit of s?
5
Let r(s) = -s**2 + 13*s - 25. Let n be r(3). Let w(f) = 7*f**2 - 10*f - 4. What is the hundreds digit of w(n)?
1
Let u = 19 - 21. What is the tens digit of (-14)/(-4)*(8 + u)?
2
Let r = -51 + 33. Let q be 39*3/(r/(-4)). Let m = q - 24. What is the units digit of m?
2
Let j(h) = -2*h**3 - 6*h**2 + 6*h - 5. Let f be j(-6). What is the hundreds digit of (3 - 2) + -4 + f?
1
Let f = 122 - 63. Let i = -103 + 193. Let h = i - f. What is the tens digit of h?
3
Suppose -2 = -2*v, v = -5*w + 3*v + 848. Suppose -5*d + w = 2*o, d + 5*o - 89 = -d. What is the tens digit of d?
3
Let v = -225 + 548. What is the hundreds digit of v?
3
Suppose -27*a + 158 = -25*a. What is the units digit of 5 + -1 + (a - 3)?
0
Let x(m) = m + 7. Let s be x(-5). Let o(l) = -3*l**2 - 5*l + 12*l + 0*l**2 + 4 + 4*l**s. What is the tens digit of o(-8)?
1
Suppose -6*i - h = -2*i - 12, 0 = 3*h. Suppose -i*p + 5*p + 60 = 5*x, -4*p = 20. Suppose 2*q - q + u = x, 5*q + 4*u - 53 = 0. What is the tens digit of q?
1
Let d = -58 + 16. Let l be 4/(-6) - 55/3. Let v = l - d. What is the units digit of v?
3
Let m be ((-2)/6)/((-3)/108). Suppose -11*l - 40 = -m*l. What is the tens digit of l?
4
Suppose 0 = -7*g + 521 - 80. What is the units digit of g?
3
Let s(f) = -2*f**2 + f + 1 + 6*f**2 - 3*f**2 + 0*f**2. What is the tens digit of s(-10)?
9
Let n = 14 + -11. Suppose -3*s + n*t = -150, 2*t + 8 + 40 = s. What is the tens digit of s?
5
Let k(v) = 1081*v**3 - v**2 + 3*v - 2. What is the units digit of k(1)?
1
What is the units digit of (40/(-26 - -16))/(2/(-2188))?
6
Let l = 3 + -3. Suppose l*o - 5*y = 2*o - 226, y - 210 = -2*o. What is the tens digit of o?
0
Let t(z) be the second derivative of 20*z**3/3 + 11*z**2 + z + 1. What is the units digit of t(7)?
2
Let s = 2 - -14. Let i = s + -12. What is the units digit of i?
4
Suppose 2*m - p - 438 = m, 2*m = 3*p + 872. Let u = -316 + m. What is the units digit of u?
6
Let x be ((-8)/(-5))/(1/45). Suppose x*f + 3 = 75*f. What is the units digit of f?
1
Let y be 3 - 2/(-4)*0. Suppose y*f = 53 + 202. What is the tens digit of f?
8
Suppose -3*u = -5*n - 8501, -n = -4*u + 13847 - 2501. What is the hundreds digit of u?
8
Let i(z) = -7*z**3 + 9*z**2 - 2*z - 19. What is the tens digit of i(-6)?
2
Let m be (3/(-6))/((-6)/1656). Suppose t - 4*t + 3*d + m = 0, -5*d + 170 = 3*t. Suppose -y + 103 = 7*w - 2*w, -2*w + 4*y = -t. What is the units digit of w?
1
Let v be 3 + (18/(-3))/2. Suppose -18 = -b - 4*s - v*s, -3*b + s = -80. What is the units digit of b?
6
Let r(n) = 2*n**3 - 5*n**2 - 5*n + 8. Let p be r(6). Let d = p + 142. What is the units digit of (1/(-4))/((-3)/d)?
1
Suppose 4*p + 5 = -3*l, -5*l + 20 = -0*p + p. Suppose -4*g = -l*g + 4. Let r(w) = 2*w**2 - 5*w + 2. What is the tens digit of r(g)?
1
Let y = 18 - 18. Let k(p) = -p + 4 + 4*p - p + y. What is the tens digit of k(4)?
1
Suppose -2*d = 4*j - 214, 4*d - 4*j + 9*j - 416 = 0. What is the units digit of d?
9
Let x = -6827 + 9697. What is the units digit of x?
0
Suppose -4*l + 8 = 4*k, 3*k = 3*l - 2*k - 22. What is the units digit of 202 - (l + -2 + (-11 - -7))?
4
Suppose -2*j = -3*m - 1725, 2812 = 4*j + m - 631. What is the tens digit of j?
6
Suppose 5*m - 5*j + 15 = 0, -3*m = -0*m - 4*j + 14. Let h be 36*(4/(-3) + m). What is the units 